5 = n - g*n. Suppose -n*i - 4*w + 422 = -617, 3*w + 223 = i. Is i composite?
False
Let h(y) = 61*y + 5. Let z(s) = s**2 - 7*s - 10. Let u be z(8). Let i be h(u). Let c = i - -266. Is c a composite number?
False
Suppose 0 = -2*w + 3*c + 169, 0*w + 2*w - c = 167. Is w prime?
True
Let o = -153 + 343. Let m(s) = 15*s + 2. Let n be m(27). Let r = n - o. Is r a composite number?
True
Let v = -63204 + 106957. Is v prime?
True
Let b(k) = 4985*k**2 - 3. Is b(2) a prime number?
True
Let c(z) be the third derivative of 2*z**5/15 - 25*z**4/24 + 7*z**3/3 + 34*z**2. Is c(11) a prime number?
False
Let n = -87391 + 150632. Is n composite?
False
Let b(x) = 3*x**2 + 2*x + 34807. Is b(0) composite?
False
Suppose -21734 = -o + 3*b, 4*b + 3758 = -4*o + 90710. Is o prime?
True
Let b = 28 + -26. Suppose j + 0*j - 557 = -3*s, -181 = -s + b*j. Is s prime?
False
Suppose 4*g = 9*g. Suppose g = -3*y - 854 + 2105. Is y a composite number?
True
Let h(o) = -4*o**3 - 2*o**2 - 2*o - 1. Let s be h(-1). Suppose u + s = 1, 2*u + 4 = 4*j. Suppose 1 = -w, j*m - 5*m = -2*w - 427. Is m composite?
True
Suppose -15335 - 17511 = -11*f. Suppose -f = -2*c - 348. Is c composite?
False
Suppose -244922 + 58981 = -7*v. Is v prime?
False
Suppose 4 = -0*i + i. Suppose -i*y + 9 - 1 = 0. Suppose -y*n + 249 = -257. Is n a composite number?
True
Is (2/(-4))/(-5*(-12)/(-50280)) a prime number?
True
Suppose 3*z + 2*z = 925. Suppose -5*x = 35 + z. Let d = x + 93. Is d prime?
False
Suppose -a + 5 = 0, 5*y = -0*a - 2*a + 20. Suppose y*m = -m. Suppose m = -x + 9. Is x a composite number?
True
Suppose -5*a = -6757 + 792. Is a a prime number?
True
Suppose 8*c - 17333 = 2499. Is c a composite number?
True
Suppose 2*h - 8 = -0*h, n + 69 = -3*h. Let s = n + 439. Is s composite?
True
Let c(a) = 6675*a**2 + 4*a + 6. Is c(-1) a composite number?
True
Let u = -4 - -4. Suppose 2065 = -u*v + 5*v. Is v a prime number?
False
Suppose k = 3*k - 654. Let b = k + -196. Is b a composite number?
False
Suppose -1601 = 5*x - 5016. Let k = -378 + x. Is k prime?
False
Suppose 2*l - 82 = -5*x, -2*x + 8*l - 7*l = -31. Suppose x*q = 21*q - 1775. Is q composite?
True
Let p = 2 - 1. Let j(z) = -9 - p + 0*z**2 + 21*z + 2*z**2 - 3. Is j(14) composite?
False
Let g be 6 + (-38)/14 - (-2)/(-7). Suppose -3*k + 1561 = -2*k - g*b, 10 = -5*b. Is k prime?
False
Let h(f) = -3*f**2 + f - 14. Let d(a) = -a**2 + a - 5. Let q(o) = -17*d(o) + 6*h(o). Suppose -4*j - 2*x + 7*x = 57, -4*x - 20 = 5*j. Is q(j) a prime number?
False
Is (-2)/17 + 1238024/136 a prime number?
True
Let f(p) = p**2 + 2*p + 6. Let l be f(4). Let m = 61 - l. Let q = m - -100. Is q a prime number?
True
Suppose -532 + 21 = 7*n. Let x = -41 - n. Is 2294/4 - 16/x a composite number?
True
Let h = 249 - -260. Let r = -322 + h. Is r composite?
True
Let j = 2129 + -1080. Is j a prime number?
True
Suppose 19*t + 20001 = 22*t. Is t composite?
True
Let f(t) = 8 + 6 - 2 + 23*t. Let x = 373 + -368. Is f(x) a prime number?
True
Is 1249*(-5 + (-27)/(-6))*-6 a prime number?
False
Suppose 2*c = -3*t + 762, 4*c = 3*t - 5*t + 1524. Let a = -33 - -31. Is a/(-3)*c/2 a composite number?
False
Suppose 226 = 3*h - 3035. Is h composite?
False
Let h = 19 - 16. Suppose -v - 3*v + 7876 = 0. Suppose 5*k - v = -h*n, -2*n = 3*k - 0*n - 1181. Is k a composite number?
True
Suppose -3*b - 1127 = -4*z, 4*b - 586 - 562 = -4*z. Suppose -6*x + 10*x = z. Is x a prime number?
True
Is (234108/(-90))/(4/(-10)) composite?
True
Suppose 0*y + y = -5*s + 7, 2*y = -2*s + 6. Suppose 5*v - 29 = -q, -y*v + 5*q - q = 6. Suppose -5*w - 2*k = -60, w - 6*w = v*k - 45. Is w prime?
False
Let v = 150 + 74. Is (-13)/(-26)*(0 + v + -2) prime?
False
Let i be (-4)/(-24) + 3/((-18)/(-7085)). Let p = -783 + i. Is p a prime number?
False
Let f be 10 + (-3 - -3) + 1. Let s = f + 0. Is s/55 - (-1534)/5 composite?
False
Let v(b) = b**3 + 11*b**2 - 2*b - 22. Let c be v(-11). Let l(u) = 7*u + 223. Is l(c) prime?
True
Is (1 - 0)/((30/(-16602))/(-5)) prime?
True
Let u = -5571 - -9850. Is u composite?
True
Suppose -10326 = -3*v + 7*s - 8*s, 0 = -s. Is v prime?
False
Suppose 4*u - 5*j - 12781 = 3*u, 4*u - 51172 = -4*j. Is u prime?
True
Let i = 1862 + -1279. Is i composite?
True
Let c = -7877 - -12732. Is c a composite number?
True
Suppose 8*m = 7*m - 25. Let q = m + 84. Is q a prime number?
True
Let u = -16 + 10. Is 12/(-8)*3004/u composite?
False
Let l(c) = c + 220. Is l(-29) a prime number?
True
Let v = 346 + -28. Let m be 5/(-20) + 1/4. Suppose -4*b + v = -m*n - n, 5*n = -5*b + 385. Is b composite?
False
Let i = -35 + 43. Suppose i*f - 3416 = -0*f. Is f prime?
False
Let p be 7*10/3*42/245. Suppose -2497 - 2091 = -p*g. Is g prime?
False
Suppose 6*s - 18*s + 149496 = 0. Is s composite?
True
Let j(b) = -14*b + 92. Is j(-43) composite?
True
Suppose 0 = -6*t + 7*t + u - 29331, 3*t = -5*u + 88001. Is t a composite number?
False
Suppose -6835 - 3149 = 12*p. Suppose a + 1523 = -4*y - 0*a, -5*y + 5*a - 1910 = 0. Let g = y - p. Is g prime?
False
Let l(b) = 275*b - 4. Let s be l(10). Let o = s + -1859. Is o a prime number?
True
Let w(q) = 3*q**2 + 5*q + 3. Let l be w(-3). Suppose 0 = -3*i + 3*r + l, 2*r + 3 + 3 = 0. Suppose 3*y = o - 128, o + 113 = 2*o + i*y. Is o a prime number?
False
Let m(h) = -h**3 + 5*h**2 - 8*h - 1. Let k be m(9). Let x(j) = 17*j**2 - 2*j - 4. Let i be x(-6). Let o = k + i. Is o a prime number?
True
Suppose 0 = -66*z + 67*z - 3*x - 3430, -3*z + 5*x = -10294. Is z a composite number?
False
Let v(t) = -2*t**3 - 2*t**2 - 3. Let c be v(-2). Let i(k) = 40*k + 11. Is i(c) composite?
False
Let u(x) be the first derivative of -x**5/10 - 11*x**4/12 - x**3 + x**2 - 6*x + 6. Let g(a) be the first derivative of u(a). Is g(-7) prime?
True
Let g = -187 + 206. Let f(x) = 12*x**2 + 4*x + 7. Let d be f(5). Suppose g*q - 22*q + d = 0. Is q composite?
False
Let g(d) be the first derivative of -17*d**2/2 - 6*d + 1. Let x(j) = j**2 - 17*j + 65. Let b be x(10). Is g(b) a prime number?
True
Suppose 70*n = 71*n - 25107. Is n a composite number?
True
Let b be 9/(-6) + (45/(-10))/9. Is 72/48 - 811/b a prime number?
False
Let a(r) = r**2 + 2*r + 3. Let s be a(-2). Suppose -s*f = 4*n - 1828, 5*f - 3*f - 2292 = -5*n. Suppose 0 = -3*g - g + n. Is g prime?
False
Let y be 5/15*0/1. Suppose y = 3*x + 3*x - 318. Is x a prime number?
True
Suppose 0 = i - 26 + 1. Let q = i - 5. Suppose q = -4*n + 9*n, 4*s = 5*n + 104. Is s composite?
False
Suppose -3*q + 4*t - 875 = 0, 1501 = -5*q - 2*t - 2*t. Let i = 147 - -299. Let w = i + q. Is w a prime number?
True
Suppose 4*y = 8 - 0. Suppose -y*c = -3*c + 139. Is c prime?
True
Let f = 7680 + -41. Is f a prime number?
True
Let f = 17 + -17. Suppose -n - n + 778 = f. Suppose 0 = -c + 2*c - n. Is c prime?
True
Suppose 511*q = 461*q + 1759650. Is q a prime number?
False
Suppose 0 = -2*n + 4*n + 3*g + 5, 5*g + 15 = -2*n. Let z(y) = 77*y + 10. Is z(n) a prime number?
False
Suppose 20*w - 19*w + 2*n = 6955, -3*w + 3*n + 20829 = 0. Is w a prime number?
True
Let s(t) be the second derivative of 3*t**4/4 - t**3/2 - 7*t**2/2 - 9*t. Suppose -2*q - 5*z + 3 = -0*q, -q - z = 3. Is s(q) a composite number?
True
Let m be (-1)/2*(2 - 4 - 9476). Suppose -m = 29*s - 30*s. Is s a composite number?
True
Suppose -4*o + 5*i = -1450 - 456, 1910 = 4*o - 3*i. Is o a prime number?
True
Let x be ((-10)/15)/((-2)/(-3)). Is 17580/10 + 5/x a composite number?
False
Let m(c) = -c**3 + 15*c**2 + 10*c - 1. Let o be m(12). Let x = o - 16. Is x a composite number?
True
Suppose -3*f - 6*i = -4*i - 15213, 0 = -f + i + 5066. Suppose -7*b = -2988 - f. Is b a composite number?
False
Let i(n) be the third derivative of -n**5/60 + 7*n**4/12 - 8*n**3/3 - 3*n**2. Let a be i(12). Suppose 0 = 2*f + a, 3*p + 19 - 798 = 5*f. Is p a prime number?
False
Let j(l) = -l**2 - 8*l + 4. Let d be j(-8). Let u be d/5 - 42/(-10). Suppose 4*h - 992 = -u*q, -4*h = -6*h - 3*q + 494. Is h composite?
True
Let c(r) = 384*r + 19. Is c(15) composite?
False
Let b(r) = 20*r + 29. Is b(13) prime?
False
Let r(y) = -4*y**3 + 8*y**2 - 5*y - 10. Let x(j) = -4*j**3 + 7*j**2 - 4*j - 9. Let i(n) = 4*r(n) - 5*x(n). Suppose -2*c + 4 = -4. Is i(c) composite?
True
Suppose 29*i - 385699 + 157962 = 0. Is i a composite number?
False
Let q(l) = -6*l**3 - l**2 + 2*l + 11. Suppose 0 = r - 0 + 4. Is q(r) a comp